 (0 + -2))
-4
What is (3 - -3) + (2 - (4 - 0))?
4
Calculate -2 - (5 + (3 - 7)).
-3
What is 4 + 1 + -7 - 0?
-2
9 + (4 - (4 + 5))
4
Calculate -2 + 5 - (5 - 1).
-1
Calculate 0 + -2 - (-6 + (7 - -2)).
-5
What is the value of (2 - -1) + -1 + -4?
-2
1 + -6 + -8 + 7
-6
What is the value of -4 + (0 - (-8 + 4))?
0
Calculate 4 + 0 + -7 - -2 - 0.
-1
What is -6 - ((1 - -1) + (0 - 5))?
-3
What is the value of -10 + 7 + 2 + -1?
-2
What is 1 + -3 + 1 + -2 - -3?
0
Calculate 1 + -1 + 5 + -4.
1
Evaluate 1 - -2 - (4 - 0).
-1
Evaluate -4 - (-2 + -4 - -4) - -6.
4
-1 + (0 - -1 - (-1 + 1))
0
-7 - -12 - (5 - 2)
2
Evaluate (-2 + -2 - -7) + 2.
5
What is 1 + (1 - ((-5 - -5) + -5))?
7
Evaluate (-4 - -8) + -3 + 1.
2
What is the value of 3 - (-11 + 14) - 7?
-7
-3 + 2 + -3 + (-58 - -62)
0
What is (-1 - 1) + 4 - (-1 - 0)?
3
What is the value of (-1 - 0) + 6 + 1 + -9?
-3
Calculate -4 + 9 + (1 - 10 - 2).
-6
What is the value of -1 + (4 - 3 - 4) + 4?
0
What is 2 - ((1 - -3) + 2)?
-4
What is 10 + -17 + -5 + 8?
-4
What is the value of 3 + 0 + (4 - 3)?
4
Calculate (5 - 4) + (-6 - (0 + -1)).
-4
2 - 2 - (1 + -3) - -1
3
-13 - (4 + -7 - 5)
-5
(2 - (6 - 3)) + (9 - 8)
0
-4 - (-2 - (5 - 0))
3
Calculate -3 - (-6 + -3 - 0).
6
What is the value of 0 - (8 + -15) - (-4 - -19)?
-8
What is -1 + 0 + -2 - (2 + -4)?
-1
What is the value of 8 + (3 - (11 + -9))?
9
1 + -7 + 5 - 1
-2
Evaluate (5 - (7 - 2)) + 2.
2
-17 - -11 - (6 - 6)
-6
Evaluate (-1 - (-6 + 4)) + 3 + -2.
2
6 + -1 + 99 + -104
0
What is 2 + 1 - (30 + -21)?
-6
What is 0 + 7 - (-7 - -15)?
-1
Calculate (-2 + -4 + 2 - -4) + -1.
-1
(-6 - -15) + -6 + 0
3
Calculate -10 + 5 + 1 + (4 - 2).
-2
What is -6 - 3 - -7 - 4?
-6
(2 - 1) + (2 - -2)
5
Evaluate 8 + (-14 - (-10 - -5)).
-1
What is 3 + 7 + -11 + (4 - 8)?
-5
Calculate -1 + (3 - 6) + -1 + 2.
-3
What is -3 + 2 + 2 + -4 - 2?
-5
What is 2 + (0 - (-2 + -3 + 7))?
0
-13 + 1 + -1 - (148 + -155)
-6
What is the value of -6 + 9 + (-5 - 0) + -2?
-4
2 + -3 + 1 - 4
-4
What is 6 + 0 - 6 - (0 - 1)?
1
What is the value of (12 - (-5 + 11)) + (-6 - 0)?
0
3 + -4 + (2 - 3)
-2
What is the value of -5 + (-1 + (-3 - -1) - -11)?
3
Evaluate 0 - -1 - (-75 - -73).
3
Calculate 4 + (6 - (4 + 3)).
3
What is the value of 7 - (5 - -7) - 0?
-5
What is 3 + -8 + 10 - 9?
-4
Calculate 0 - (-1 + 1 - (-1 + 5)).
4
What is -3 - -1 - (-9 + (1 - -5))?
1
What is the value of 4 + (1 - (4 - (3 - 0)))?
4
-2 + 1 + 1 - (0 + -4)
4
What is -3 - (-1 + (0 - -4))?
-6
11 + (-6 - -1 - (-12 - -12))
6
What is 12 - -1 - (22 - 13)?
4
What is the value of 9 + -13 + -1 + 2?
-3
-1 + -2 + 3 - (-4 + 4)
0
Evaluate -262 - -262 - (0 + 6).
-6
What is -1 + 5 + (1 - (1 - 0))?
4
Evaluate 3 - 0 - (2 - (-1 - 3)).
-3
What is the value of -6 + 1 + -6 + 7?
-4
(14 - (4 - -8)) + (-9 - -2)
-5
Evaluate -2 + 1 + 1 - -2.
2
What is -3 - (5 + -3 - 3)?
-2
Calculate 6 + (-1 + 0 - (109 - 107)).
3
Evaluate (5 - -2) + -5 + 2.
4
-1 - -5 - (2 - (-3 - -2))
1
What is the value of 3 - (-1 + -5 - -6)?
3
Evaluate -5 + -1 + (9 - 6).
-3
Calculate (-1 - -4) + -2 - (-2 + 2).
1
Calculate 7 + (2 - 3) + (109 - 106).
9
What is -2 + (1 - -2) - (-12 + 14)?
-1
What is the value of -4 + -1 + (-2 - -4)?
-3
What is (5 - (-1 + 2)) + (-28 - -20)?
-4
Calculate 6 + 0 + -1 + -10 + 3.
-2
Evaluate 0 + 3 + 2 - 1.
4
What is (-14 - 0) + -21 + 31?
-4
What is the value of (8 - (8 + 5)) + 6?
1
What is the value of -7 + 9 + -2 + 3?
3
What is the value of -13 + (-2 - -22) + -10 + 0?
-3
-32 + 21 + -1 + 11
-1
Calculate -5 - (-2 + 7) - -7.
-3
What is 1 - (-2 + -4 + 9 + -4)?
2
What is the value of -5 + 10 - (6 + -2 - 1)?
2
0 + 3 + (4 - 12)
-5
-2 + -3 + (1 - 0)
-4
Evaluate 7 + -7 + 1 + (2 - -2).
5
Evaluate 0 + 2 + 13 + -13.
2
What is (-8 - (-4 + 12)) + 9?
-7
Evaluate -1 - (1 + 4 - 6).
0
6 + -18 + 6 - (-1 - 6)
1
0 + (1 - 4) + 0 + -1
-4
Evaluate (2 - 0) + 7 + -12 + -1.
-4
What is -1 - (3 - (-2 + 0 - -6))?
0
Evaluate (-11 - -3) + 4 + 2.
-2
Evaluate -6 + 5 + -2 + -1 + -1.
-5
Calculate 7 + (-5 - (1 - 4 - -3)).
2
What is the value of (9 - -1) + (97 - 96)?
11
Evaluate -3 + (-1 - (0 - (-1 + 0))).
-5
2 + 2 - (-6 + 9)
1
What is -2 - (2 + -1) - -8?
5
What is 0 + (3 - (3 - 4) - 1)?
3
0 - 9 - (-8 - -4)
-5
Evaluate -27 - -40 - (7 + 1).
5
What is the value of (-3 - 7) + 12 - -6?
8
What is 2 - 5 - 2 - (13 - 13)?
-5
Evaluate -9 - -12 - (-1 - 0 - 0).
4
-4 + (8 - (4 + -6 + 6))
0
0 + -8 + (120 - 115)
-3
What is the value of -8 + 9 + -6 + 0 + 4?
-1
(-8 - -17 - 7) + 4
6
-3 + 1 + (-35 + 13 - -16)
-8
Calculate 0 - (-4 + 10 + (-2 - 1)).
-3
What is -8 + 6 + -2 - -8?
4
Calculate 0 + (3 - 1) - (-19 - -22).
-1
Calculate 10 - 11 - -12 - 8.
3
3 - (6 - (-2 + 0))
-5
Evaluate -6 + 3 + 0 + 5 - 6.
-4
Calculate 2 - (10 + -14 + 1).
5
Calculate (1 + -3 + 5 - 3) + -4.
-4
5 + (-14 - -8) + 1
0
Calculate -3 + 0 + (7 - 1) - 0.
3
-4 + 1 + (5 - (3 - 2))
1
What is 5 + 0 + 5 - 0?
10
What is (-3 - 2) + 7 + 2?
4
0 + -13 + 8 + -6
-11
-4 + -4 + 3 + -1
-6
Calculate (0 - (13 - 4)) + 5.
-4
(-1 + 2 - (-6 - -6)) + 5
6
What is the value of 0 + (-8 + 3 - -4) - -2?
1
What is -2 - (0 - (7 - (1 - -1)))?
3
-3 - (3 + 11 - 10)
-7
Calculate 3 + -1 + 4 - (9 - 6).
3
Calculate -3 - (6 + (-3 - 6)) - 2.
-2
5 + 0 - (-4 - (-5 + -3))
1
Calculate -3 + (4 - 2 - -1) + -1.
-1
What is the value of (-33 - -32) + -2 + 2 + 4?
3
(-2 + 2 - -1) + (3 - 3)
1
Evaluate 4 - (3 - -2) - (4 - 5).
0
What is the value of -1 + 1 + (1 - (-1 - -2))?
0
What is 4 + -8 + -5 - -14?
5
What is the value of 3 + 1 + -5 + 2 + 7?
8
Evaluate -16 + -3 + 5 + 3 + 0.
-11
What is 10 - 2 - (9 - 4)?
3
Calculate (-1 - (4 + -1)) + 6.
2
What is the value of 1 + (4 - 2) - (18 + -18)?
3
What is -1 - 0 - (-7 - -10 - 10)?
6
What is the value of 1 - (-17 - -5 - -2)?
11
What is (-2 - -2) + (-5 - -7 - 5)?
-3
Calculate -12 + 13 - (-4 + -1).
6
What is -2 + -6 + (-1 - -4)?
-5
-5 + (1 - -11) - 2
5
What is (-1 - 0) + 0 + 6?
5
What is -8 - (2 + 1) - -3?
-8
(4 - (12 + -4)) + (-1 - -2)
-3
What is 6 - 1 - (10 + (4 - 11))?
2
Calculate -2 + (-2 - -12) - (1 - -2).
5
What is (3 - (0 + 2 + 0)) + 2?
3
-3 - ((1 - 2) + -2) - 3
-3
-3 - -2 - (-10 + 5) - 3
1
What is the value of 0 + (5 - 3) + (-5 - 0)?
-3
What is the value of -1 + -2 + 71 + -59?
9
What is the value of -1 + 4 - 4 - -1?
0
What is the value of -2 - (-1 - (-2 - 0 - -5))?
2
What is the value of 1 - (7 - (11 - 6))?
-1
What is -2 - (4 - (16 + -4)) - 14?
-8
What is -11 - 0 - (15 + -31)?
5
Evaluate -3 - (-6 - (3 - 3)).
3
What is the value of (-1 - -6 - (7 + -3)) + 4?
5
(3 - 4 - 2) + 3 + -1
-1
What is -4 - 1 - (-53 + 46)?
2
Evaluate (6 - 3) + -6 + 5 - 3.
-1
What is 3 - (5 + (-7 - -4))?
1
What is 6 + -4 - (-20 + 19)?
3
What is (0 - 0) + (-4 - -10 - 7)?
-1
What is the value of (5 - 7) + 7 + -7?
-2
What is the value of (-1 - 3) + (5 + -3 - -3)?
1
Evaluate 8 + -4 + (-1 + 0 - -1).
4
What is the value of (-1 - 2) + 0 + (1 - 1)?
-3
Calculate (61 - 58) + (1 - -1).
5
What is 0 + -9 - -1 - -2?
-6
Calculate (-5 - -2 - -6) + 0.
3
Evaluate 7 + (-3 - 9) - -6.
1
What is 3 + -13 - (-12 + 1)?
1
What is the value of -11 - -3 - -15 - 5?
2
What is the value of -3 + 8 - (-3 + 4 + 1)?
3
What is 3 - (-4 + 12 + -6 + -4)?
5
What is (-5 - (3 + -14)) + -5 - 3?
-2
Evaluate -1 - (0 + 2) - (-4 - -1).
0
0 + 3 + -7 + -1
-5
Evaluate -5 - (2 + (-6 - 5 - -8)).
-4
-9 + -8 + 4 + 5
-8
(-6 - -3) + 9 + -7
-1
Calculate -15 - -9 - (2 + -3).
-5
What is the value of -5 - ((0 - 6) + 6)?
-5
What is -3 - (-4 + (1 - 4))?
4
What is (-2 - 0 - 4) + 0?
-6
Evaluate 4 + (-6 - -11) + -5.
4
What is -4 - ((5 - 1) + -5 + 2)?
-5
Calculate -3 - -4 - (3 + 3 - 0).
-5
What is the value of (0 - 0 - (20 - 22)) + 0?
2
What is (3 + -2 - -1) + -3?
-1
Evaluate (25 - (-28 - -39)) + -9 + 1.
6
(-3 - (4 - 14)) + (-24 - -16)
-1
Calculate (-5 + 0 - -4) + 5.
4
Evaluate (-2 + 6 - 7) + 5 + -6.
-4
-5 + 3 + -4 + 9
3
Evaluate -22 + 22 + -5 - (-7 + -1).
3
Calculate -57 - -57 - (3 + -1).
-2
What is (-7 - 0) + (7 - (2 + 3))?
-5
What is the value of (1 - 2) + -1 - (-5 - -1)?
2
Calculate 2 - -3 - 2 - (-2 - -10).
-5
What is 2 - (-2 - (-3 + 0))?
1
What is -8 - -5 - (-1 + 1 - 6)?
3
What is (-13 - (-8 - 1)) + -2 + 6?
0
Calculate 4 + (2 - 3 - (0 - 0)).
3
5 + (-2 + -5 - -2)
0
Evaluate 2 - 2 - (-44 + 45).
-1
Evaluate (-19 - -22) + (3 - 1).
5
Calculate -2 + (6 - 3) - -8.
9
Calculate 149 - 158 - (-8 + 0).
-1
Evaluate (-5 - 2) + 4 - -8.
5
Evaluate (4 - 3) + (22 - 17).
6
What is (3 - 3) + 1 + 1 + 1?
3